{"id":1832,"date":"2022-10-19T09:34:03","date_gmt":"2022-10-19T14:34:03","guid":{"rendered":"https:\/\/didierartist.com\/2023\/?post_type=product&#038;p=1832"},"modified":"2022-12-09T10:51:38","modified_gmt":"2022-12-09T15:51:38","slug":"luxury-1-de-25","status":"publish","type":"product","link":"https:\/\/didierartist.com\/2023\/produit\/luxury-1-de-25\/","title":{"rendered":"Luxury (1 de 25)"},"content":{"rendered":"<p><span style=\"font-size: 12pt;\">Un print\u00a0\u00a0SIGNATURE est une impression sur toile d\u2019une \u0153uvre originale sur laquelle Didier applique diff\u00e9rentes mati\u00e8res comme\u00a0\u00a0du pl\u00e2tre, de la peinture et\/ou des feuilles m\u00e9talliques afin de cr\u00e9er de la texture et d\u2019explorer diff\u00e9rentes options de designs et de couleurs. Le but est de cr\u00e9er une oeuvre qui se rapproche visuellement le plus possible d\u2019une \u0153uvre originale, et ce, \u00e0 un co\u00fbt plus accessible.<\/span><\/p>\n<p><span style=\"font-size: 12pt;\">Impressions de grande qualit\u00e9, sign\u00e9es, num\u00e9rot\u00e9es, offertes en s\u00e9rie limit\u00e9e et accompagn\u00e9es d&rsquo;un certificat d&rsquo;authenticit\u00e9.<\/span><\/p>\n<p><span style=\"font-size: 12pt;\">Pour toutes autres questions: info@didierartiste.com<\/span><\/p>\n<p><span style=\"font-size: 12pt;\">Didier est un artiste peintre qu\u00e9b\u00e9cois reconnu pour la pr\u00e9cision de son art qu\u2019on d\u00e9crit comme chirurgical. Depuis ses d\u00e9buts, en 2019, cet artiste est en pleine ascension. Il cr\u00e9e des \u0153uvres d\u2019un r\u00e9alisme surprenant de personnalit\u00e9s connues et de l\u2019univers de la mode en s\u2019inspirant d\u2019images puissantes qui l\u2019interpellent.<\/span><\/p>\n<p><span style=\"font-size: 12pt;\">Il utilise des techniques mixtes telles que le \u00ab airbrush \u00bb, l\u2019acrylique et le collage.<\/span><\/p>\n<p><span style=\"font-size: 12pt;\">Il offre des impressions sur toile et sur papier arches. Pour une commande d\u2019\u0153uvre originale sur mesure, n\u2019h\u00e9site pas \u00e0 lui \u00e9crire.<\/span><\/p>\n","protected":false},"excerpt":{"rendered":"<p>S\u00e9rie limit\u00e9e \u00e0 25 impressions sur toile<\/p>\n","protected":false},"featured_media":1831,"template":"","meta":[],"product_brand":[],"product_cat":[34],"product_tag":[21],"class_list":{"0":"post-1832","1":"product","2":"type-product","3":"status-publish","4":"has-post-thumbnail","6":"product_cat-prints-signature","7":"product_tag-impressions","9":"first","10":"instock","11":"taxable","12":"shipping-taxable","13":"purchasable","14":"product-type-variable"},"jetpack_sharing_enabled":true,"_links":{"self":[{"href":"https:\/\/didierartist.com\/2023\/wp-json\/wp\/v2\/product\/1832","targetHints":{"allow":["GET"]}}],"collection":[{"href":"https:\/\/didierartist.com\/2023\/wp-json\/wp\/v2\/product"}],"about":[{"href":"https:\/\/didierartist.com\/2023\/wp-json\/wp\/v2\/types\/product"}],"wp:featuredmedia":[{"embeddable":true,"href":"https:\/\/didierartist.com\/2023\/wp-json\/wp\/v2\/media\/1831"}],"wp:attachment":[{"href":"https:\/\/didierartist.com\/2023\/wp-json\/wp\/v2\/media?parent=1832"}],"wp:term":[{"taxonomy":"product_brand","embeddable":true,"href":"https:\/\/didierartist.com\/2023\/wp-json\/wp\/v2\/product_brand?post=1832"},{"taxonomy":"product_cat","embeddable":true,"href":"https:\/\/didierartist.com\/2023\/wp-json\/wp\/v2\/product_cat?post=1832"},{"taxonomy":"product_tag","embeddable":true,"href":"https:\/\/didierartist.com\/2023\/wp-json\/wp\/v2\/product_tag?post=1832"}],"curies":[{"name":"wp","href":"https:\/\/api.w.org\/{rel}","templated":true}]}}